
Is 30 a factor of 3571?
False
Is 36 a factor of 1203?
False
Is 11 a factor of 1056?
True
Is 6203 a multiple of 11?
False
Is 952 a multiple of 34?
True
Is 482 a multiple of 22?
False
Is 80 a factor of 4079?
False
Does 2 divide 3959?
False
Is 64 even?
True
Is 9087 a multiple of 61?
False
Does 73 divide 19126?
True
Is 13500 a multiple of 125?
True
Is 6 a factor of 2446?
False
Does 64 divide 1088?
True
Does 63 divide 1701?
True
Is 28943 a multiple of 33?
False
Does 31 divide 581?
False
Is 35 a factor of 1785?
True
Does 70 divide 1387?
False
Is 16 a factor of 448?
True
Does 22 divide 572?
True
Is 20497 a multiple of 199?
True
Is 51852 a multiple of 298?
True
Is 12012 a multiple of 7?
True
Does 3 divide 7?
False
Is 13910 a multiple of 65?
True
Is 53114 a multiple of 22?
False
Is 14 a factor of 377?
False
Does 28 divide 191?
False
Does 68 divide 48756?
True
Does 7 divide 679?
True
Is 12 a factor of 369?
False
Is 8 a factor of 2720?
True
Is 4097 a multiple of 203?
False
Is 2667 a multiple of 21?
True
Is 19 a factor of 8645?
True
Is 170 a factor of 24744?
False
Is 26 even?
True
Is 4452 a multiple of 42?
True
Is 37 a factor of 2614?
False
Is 65 a factor of 35085?
False
Is 13275 a multiple of 15?
True
Is 980 a multiple of 34?
False
Is 13860 a multiple of 126?
True
Does 19 divide 16667?
False
Does 46 divide 460?
True
Is 166 a factor of 67917?
False
Is 11441 a multiple of 18?
False
Does 5 divide 762?
False
Does 11 divide 15341?
False
Does 159 divide 62328?
True
Is 8 a factor of 13792?
True
Is 3955 a multiple of 35?
True
Does 89 divide 12371?
True
Does 9 divide 1260?
True
Does 66 divide 27060?
True
Is 9 a factor of 2205?
True
Is 46374 a multiple of 38?
False
Is 5 a factor of 2447?
False
Is 17 a factor of 1450?
False
Is 2468 a multiple of 4?
True
Is 110 a factor of 2090?
True
Is 7 a factor of 609?
True
Does 28 divide 166712?
True
Is 3 a factor of 908?
False
Is 21 a factor of 42987?
True
Is 58 a factor of 2958?
True
Is 2868 a multiple of 12?
True
Does 10 divide 473?
False
Is 17 a factor of 561?
True
Is 49 a factor of 735?
True
Does 6 divide 585?
False
Is 7 a factor of 4107?
False
Is 990 a multiple of 9?
True
Does 28 divide 626?
False
Is 3060 a multiple of 10?
True
Is 13 a factor of 51490?
False
Is 8 a factor of 159?
False
Is 37113 a multiple of 18?
False
Is 1337 a multiple of 31?
False
Does 13 divide 65?
True
Is 1344 a multiple of 14?
True
Does 92 divide 4968?
True
Is 2210 a multiple of 13?
True
Is 10490 a multiple of 150?
False
Is 11 a factor of 439?
False
Is 22 a factor of 3085?
False
Is 3480 a multiple of 126?
False
Is 45 a factor of 1852?
False
Does 19 divide 51658?
False
Is 5 a factor of 3396?
False
Is 4284 a multiple of 34?
True
Does 7 divide 26011?
False
Is 34371 a multiple of 19?
True
Does 10 divide 850?
True
Does 30 divide 168?
False
Does 21 divide 1407?
True
Is 1064 a multiple of 38?
True
Does 14 divide 83166?
False
Is 413 a multiple of 59?
True
Is 6437 a multiple of 58?
False
Is 12 a factor of 152472?
True
Does 12 divide 127128?
True
Is 2737 a multiple of 23?
True
Does 53 divide 1325?
True
Is 14 a factor of 482?
False
Does 7 divide 170?
False
Does 37 divide 12580?
True
Does 28 divide 7567?
False
Is 11 a factor of 150?
False
Is 26 a factor of 17368?
True
Is 1100 a multiple of 55?
True
Is 10234 a multiple of 34?
True
Is 52 a factor of 134?
False
Is 13 a factor of 12051?
True
Does 22 divide 4818?
True
Is 69 a factor of 1078?
False
Is 10 a factor of 1913?
False
Is 12 a factor of 525?
False
Is 203 a multiple of 28?
False
Is 27 a factor of 1377?
True
Does 14 divide 8960?
True
Is 27 a factor of 702?
True
Is 6864 a multiple of 48?
True
Does 38 divide 555?
False
Does 100 divide 29000?
True
Is 134 a factor of 38429?
False
Is 25 a factor of 750?
True
Is 180 a multiple of 12?
True
Is 1250 a multiple of 28?
False
Is 8112 a multiple of 78?
True
Does 12 divide 17333?
False
Is 5 a factor of 260?
True
Is 103 a factor of 8652?
True
Is 158 a factor of 29862?
True
Is 546 a multiple of 7?
True
Is 34 a factor of 1802?
True
Is 48307 a multiple of 67?
True
Is 4345 a multiple of 64?
False
Is 14 a factor of 17407?
False
Is 253 a multiple of 4?
False
Is 6 a factor of 1644?
True
Does 46 divide 10578?
False
Does 4 divide 271?
False
Does 30 divide 3967?
False
Is 43578 a multiple of 12?
False
Is 6 a factor of 1223?
False
Is 4 a factor of 1809?
False
Does 60 divide 432?
False
Is 4 a factor of 156?
True
Is 64 a multiple of 32?
True
Is 80 a factor of 12080?
True
Is 22 a factor of 203?
False
Is 18647 a multiple of 30?
False
Does 119 divide 5593?
True
Is 134 a factor of 16023?
False
Does 2 divide 177?
False
Is 744 a multiple of 6?
True
Does 29 divide 145?
True
Is 2090 a multiple of 28?
False
Is 121 a factor of 4475?
False
Does 3 divide 55?
False
Does 183 divide 2928?
True
Is 361 a multiple of 82?
False
Does 37 divide 141?
False
Does 117 divide 2925?
True
Does 127 divide 65405?
True
Is 18 a factor of 4410?
True
Does 33 divide 3003?
True
Does 20 divide 140?
True
Does 7 divide 6359?
False
Is 3870 a multiple of 15?
True
Does 16 divide 2469?
False
Is 118 a factor of 9904?
False
Does 12 divide 5376?
True
Does 113 divide 38565?
False
Does 42 divide 1756?
False
Is 29 a factor of 4289?
False
Does 22 divide 1361?
False
Does 21 divide 38966?
False
Does 2 divide 120?
True
Is 8867 a multiple of 45?
False
Is 3 a factor of 88?
False
Does 14 divide 51?
False
Is 510 a multiple of 3?
True
Does 56 divide 1886?
False
Does 17 divide 26945?
True
Is 12 a factor of 36178?
False
Is 4 a factor of 362?
False
Is 137 a factor of 30289?
False
Does 9 divide 25132?
False
Is 61 a factor of 15105?
False
Is 8 a factor of 200?
True
Is 5224 a multiple of 26?
False
Is 1512 a multiple of 56?
True
Is 2954 a multiple of 82?
False
Is 108 a factor of 16864?
False
Is 1160 a multiple of 8?
True
Is 24 a factor of 4176?
True
Is 608 a multiple of 8?
True
Does 267 divide 20826?
True
Does 96 divide 9408?
True
Does 9 divide 1090?
False
Is 12 a factor of 17989?
False
Is 20 a factor of 1610?
False
Is 14 a factor of 28770?
True
Is 15 a factor of 3415?
False
Is 8425 a multiple of 25?
True
Is 306 a multiple of 3?
True
Is 31122 a multiple of 247?
True
Does 60 divide 2400?
True
Is 4352 a multiple of 18?
False
Is 2 a factor of 10200?
True
Is 46 a factor of 1518?
True
Is 10 a factor of 8380?
True
Is 234 a multiple of 18?
True
Is 76 a factor of 2351?
False
Does 55 divide 330?
True
Does 9 divide 379?
False
Is 82 a factor of 1273?
False
Is 153 a multiple of 17?
True
Is 1488 a multiple of 16?
True
Is 32 a factor of 2752?
True
Does 61 divide 8601?
True
Does 181 divide 35838?
True
Does 64 divide 11072?
True
Does 3 divide 627?
True
Does 31 divide 1550?
True
Is 51 a factor of 419?
False
Is 6 a factor of 9906?
True
Is 1449 a multiple of 46?
False
Is 66 a factor of 13640?
False
Does 12 divide 2812?
False
Does 5 divide 489?
False
Is 2537 a multiple of 43?
True
Is 57 a factor of 2448?
False
Does 5 divide 8039?
False
Does 44 divide 121308?
True
Is 17701 a multiple of 19?
False
Is 14 a factor of 220?
False
Is 75 a multiple of 3?
True
Is 6847 a multiple of 14?
False
Does 67 divide 982?
False
Is 68 a factor of 17000?
True
Does 32 divide 768?
True
Is 14 a factor of 485?
False
Is 10 a factor of 9250?
True
Is 10 a factor of 524?
False
Does 3 divide 466?
False
Is 4 a factor of 42967?
False
Does 46 divide 4312?
False
Is 10778 a multiple of 7?
False
Is 46 a factor of 5842?
True
Does 31 divide 62?
True
Is 32 a factor of 256?
True
Is 17 a factor of 22406?
True
Is 512 a multiple of 32?
True
Is 17 a factor of 11770?
False
Is 252 a multiple of 41?
False
Does 17 divide 4114?
True
Is 39 a factor of 3705?
True
Is 220 a multiple of 11?
True
Is 93 a factor of 3999?
True
Is 17191 a multiple of 54?
False
Does 41 divide 410?
True
Does 5 divide 55?
True
Does 28 divide 840?
True
Is 13 a factor of 2951?
True
Is 5 a multiple of 5?
True
Is 20442 a multiple of 58?
False
Does 75 divide 825?
True
Is 83 a factor of 6225?
True
Does 7 divide 666?
False
Is 55 a factor of 16952?
False
Is 7 a factor of 378?
True
Is 16 a factor of 16?
True
Is 23757 a multiple of 214?
False
Is 11 a factor of 12804?
True
Is 100 a factor of 42704?
False
Is 5 a factor of 383?
False
Does 28 divide 12592?
False
Does 16 divide 1722?
False
Does 174 divide 17267?
False
Does 31 divide 143992?
False
Is 49 a facto